te 3 - (4 - (0 + 8)) - (-790 + 795).
2
Evaluate -57 + -2 + (-33 - -21 - -7).
-64
What is the value of (39 - 53) + (3 - 12 - (-11 - 0))?
-12
What is -5 + -22 + 23 + (-3 - 0)?
-7
Calculate -5 + 34 + 873 + -805.
97
What is the value of 0 + -69 + 0 + 11830 + -11836?
-75
Calculate 46 + (-45 - -88) + -56 + 25.
58
Evaluate -1 + -18 + 3 + 7 + -11 + 7.
-13
Evaluate -13 + (75 - (159 - 77)) + (25 - 1).
4
Calculate -28 + (3 - -3) + -3 + -10 + -1.
-36
-14 - (49 - 61) - (44 + 10)
-56
Calculate -1 - 3 - (21 + -46 + 29 + 16).
-24
What is the value of -5 - 1 - (4 + (-10 - 28 - -28))?
0
-131 + 349 + -141 + 15
92
Evaluate 87 - 0 - (116 + -70).
41
What is the value of 11 - (171 - 39 - 63)?
-58
Calculate 497 + -425 + -59 + 11.
24
Calculate -2 + (-2 - -1) + (-3 - -137) + 7 + -25.
113
-4 + 0 + 0 + 13 + (336 - 348) + -39
-42
What is -31 - (-5 + 1) - (-202 + 198)?
-23
Evaluate 0 - -3 - (-6 - (5 - (22 - (13 + -5)))).
0
Calculate 257 - 274 - (-3 + -61).
47
What is (-51 - -34) + 9 + -54 + -8 + 3?
-67
Calculate (-3 - 26) + (-8 - -3) - 12.
-46
What is (47 - -24 - 20) + -28?
23
What is (-1 - 4) + (9 - (30 - 29 - (11 - 4)))?
10
What is 1 + -6 + (-496 - -510) + -13?
-4
Calculate (9 - 18) + -23 + 10 - (1 + 4).
-27
Evaluate (5620 - 5595) + (-68 - -1).
-42
Evaluate 10 - (18 - (1 + 47)).
40
What is the value of (5603 - 5747) + 131 + -1?
-14
-10 + 28 + -246 + 319
91
(41 - -37) + (24 - 1) + 26
127
Calculate (-35 - (90 + -62)) + 35.
-28
-7 + -4 + -15 + -2 + 165 + (-3 - 25)
109
Calculate 50 - -5 - 42 - (-14 - -2) - 179.
-154
Calculate -43 + (33 - -58) - -1.
49
What is the value of -8 - (49 + -39 + -4)?
-14
What is the value of 31 - (-102 + (23 - 0) - 4)?
114
Evaluate (5 + -13 - (-8 + 10)) + 10 + 13.
13
Evaluate -919 + 915 + -18 + 3 + -1.
-20
Calculate -62 - (11 + -8 + 1 + 9 + -32).
-43
Evaluate (1 - (9 + -1 - 5)) + (-12 - -1).
-13
What is the value of 1 - (5 - (-3 + (4 - (-2 - 63))))?
62
What is the value of (-8 - -6 - 1) + (9 - (87 + (13 - 22)))?
-72
What is the value of (-56 - -21) + 172 - 239?
-102
-21 - (18 - 43) - 47
-43
Evaluate 17 - (-37 + (32 - 18)).
40
What is -4 - (-4 + -19) - (124 - 128)?
23
Evaluate 13 - (-10 - (-16 + 42 + -12 - (38 - 1))).
0
What is 202 + 7 + -168 - (-27 - -2)?
66
Evaluate (-42 - 0) + 15 - ((-3 - (5 + 1)) + -4).
-14
Calculate 68 + 15 + (-27 - 60).
-4
90 + (-21 - 52) + 27
44
What is -42 + -15 + 5 + -4 + (-7 - -1 - 1)?
-63
What is 106 + (-280 - -45) - -26?
-103
Evaluate -9 + 1 + (-12 - -28 - 10) - (36 - 35).
-3
What is 55 - 36 - 65 - -124?
78
Calculate -2 - 7 - 0 - (72 - 51 - (52 - 6)).
16
(-32 - (-30 - 0)) + (11 - -2) + 4 + 54
69
Evaluate -28 - (-11 + -5 + 18 - -9).
-39
What is 1 + (-3 - -4) + (72 + -41 - 7)?
26
What is (15 - (43 - 90)) + 9?
71
Evaluate (118 - 145) + ((-1 - 3) + 8 - -5 - 2).
-20
16 + -15 + (26 - -4) + (-9 - -8)
30
Evaluate 17 + 64 + -39 - (14 + -1).
29
What is the value of 10 + (-45 - (-59 - -34)) + 113?
103
What is (103 - 18) + -12 + (12 + -5 - 4) + 11?
87
3 + -1 - (3830 + -3865)
37
Calculate (2 - (1 + 1)) + -7 + -31 + 48 + -5.
5
Calculate -1 - (-2 + 6) - (2228 + -2168).
-65
What is the value of 5 - (50 + 0 + 3 + (-170 - -159))?
-37
What is -28 + 93 + -25 + -22?
18
(-39 - (56 - 87)) + -30 + 0 - -8
-30
Evaluate 4 + 54 + -58 + 12.
12
(3 - 7 - -23) + (11 - 32)
-2
Evaluate -8 - -26 - 21 - (-3 + 2 + (-3 - 2)).
3
What is the value of 6 - ((63 - 79) + 28 + -4)?
-2
What is the value of (-6 - -2) + 85 + 0 + -101 - 3?
-23
(-27 - -1) + (209 + -67 - 113)
3
Calculate -131 - -104 - (-77 + (9 - 2)).
43
Calculate -16 + 14 + (2 - (-3 - -18)) - (8 + -14).
-9
Calculate -40 - (-85 - -37 - -20).
-12
6 + -2 + 13 + -4 + (16 - -8) + -13
24
Evaluate 21 - ((-17 - -39) + -6 + -3).
8
11 - (-121 + -43 - -48)
127
Evaluate (-6 - (-3 + 1)) + -88 + (139 - 38).
9
What is the value of 72 + -7 - 49 - (-2 - -10)?
8
What is the value of (-2 - (18 - 0)) + (226 - (58 + 161))?
-13
Calculate 27 + 45 + (-6 - 2) + (1 - (2 - 2)).
65
Calculate -35 - (-4 + 1 - (-2 + 7 + -6 + -9)).
-42
Calculate 469 - 403 - (52 + 7).
7
Evaluate -10 - 54 - (-11 + 58 + -53).
-58
Evaluate 8360 + -8351 - ((-1 + -1 - -8) + 0).
3
Calculate 10 + (14 - ((-1 + 14 - 12) + 12)).
11
5 - (44 + -12 + -15) - (-14 + 3 + 2)
-3
-54 + 93 + -35 + 78
82
Calculate 9 + 0 - 34 - (-1166 + 1228).
-87
What is (-58 - (-48 + -11)) + 2 + 0 + (41 - -1)?
45
Calculate 1 - -68 - (0 + -1 + 25 + (-8 - 3)).
56
What is -3 + (117 - (100 + -28))?
42
(-24 + 9 - 11 - -36) + -32
-22
(22 - (44 - -4)) + 32
6
Calculate 5 - (30 + 40 - 15).
-50
1 + (-66 - 3) - (-2 + (-2 - -2 - -6))
-72
Evaluate (674 - 573) + (15 - -2) - 9.
109
(-1 - 3) + (-1483 - -1508)
21
What is 5 + -26 + -17 + -2 + -2?
-42
What is the value of -9 - (7 + (5 - (-18 - -36)) - 89)?
86
What is the value of (6 - ((1 - 7) + 31)) + -21?
-40
What is the value of 21 - ((-91 - (-51 - -47)) + -27)?
135
Evaluate 10665 + -10569 - (26 + 1).
69
Evaluate -14 - 17 - (3 - 4).
-30
Evaluate 41 - 3 - (13 - (-101 + 70)).
-6
Calculate 2374 - 2393 - (4 + -9).
-14
What is the value of (-2 - 0 - 0 - 9) + (-40 + 66 - -52)?
67
Calculate -11 + (48 - 34) - 21.
-18
What is the value of 1 - (-28 + 38 + -1) - (-1 + 0 - 10)?
3
(31 + -39 - 38) + 66
20
What is 50 + -10 + 4 + -55?
-11
(0 - -46) + (63 - 80 - -26) + -2
53
-21 + 39 + -17 - (-18 + 1)
18
55 - (50 - (176 + -95))
86
Calculate (-16 - 13) + 1 - (-2 - -32).
-58
What is -6 + (-18 - (-13 + (8 - 10))) + 4?
-5
6 - (-78 + 158) - (-2 + -7 + -3)
-62
-5 - (-26 + (24 - (61 + -18))) - 8
32
Evaluate -9 - (-20 - (-5 - (1 - -6))) - 22.
-23
Evaluate -98 + 182 + -2 + -37.
45
What is (25 - 55) + -11 - -65?
24
What is the value of -67 + 6 - (14 - (39 - -2))?
-34
What is the value of 76 + -1 + (-191 - -106 - -100) - 4?
86
Calculate -63 + 53 + -14 - -15.
-9
What is 73 + (-3 - -2) + (1 + 7 - (-744 - -745))?
79
Evaluate 25 + 2 + (-14 - -5).
18
What is the value of (0 - -42) + (-27 - -20) + (-2 - 3)?
30
What is 35 - (265 + -267 + -1 + 0 + 2 + -1)?
37
Evaluate -102 - (-205 + 105 + -22).
20
What is (-7 - 0) + (-3 + 1 - (55 - 45)) + 24?
5
What is the value of (9 - -37 - 36) + 7 + -13?
4
What is -2 - 82 - (605 - 646)?
-43
What is the value of -25 + (-1 + -3 - (34 - 41 - 3)) - 9?
-28
Evaluate (-67 - -1) + (-38 - (-9 - (61 + -35))).
-69
(12 - (45 - 61)) + -104
-76
Evaluate 63 + -46 - (51 + 16 + 5).
-55
Calculate -68 - (-38 - (107 + -154)).
-77
43 - (-67 + (74 - 17))
53
5 - 7 - 0 - (542 + -587)
43
Evaluate (12 - (53 + -25)) + -26.
-42
What is the value of -35 + (-41 - -23) + 38 - 34?
-49
What is -2 + ((0 - -3) + 4 - 18 - -24)?
11
Calculate (-33 - (-22 - (9 - -4))) + 42 + -2.
42
Evaluate -5 - -26 - (112 - 31 - -11).
-71
What is -16 + -10 + 7 + 22 + -18 + (-7 - -21)?
-1
Calculate (8 - 11) + 42 + -42.
-3
-88 - (-99 - (-124 - -101))
-12
Evaluate (-6 - (-110 + -5 - -2)) + 11 + -17.
101
Evaluate -28 - (-17 + 49 - (-5 - -10)).
-55
What is the value of -3 + (47 - (3 + 83))?
-42
Evaluate -43 + 5 - (67 + -50 + 51).
-106
Evaluate -27 + -28 - 48 - -111.
8
What is the value of 227 - 275 - (-6 - 17)?
-25
Evaluate -20 + 11 - -32 - 36.
-13
What is 36 + -58 + (-45 - -21)?
-46
What is the value of 65 + -31 + (-5 - -7) + -17?
19
Evaluate (30 - 25) + (-3 - (-7 - -11)) + -33.
-35
(60 - 95) + 40 - (4 + 5)
-4
Evaluate (-13 - (-22 + -17 + 9)) + 19.
36
52 - ((10 - 67) + 110)
-1
What is the value of 173 - (-16 - 20 - -159)?
50
What is -2 + (4 - 13 - -19) + -13?
-5
What is -3 - (0 - -46) - (-8 + 25 + -31)?
-35
-9 - (-2 + 13 + (11 - -16))
-47
What is the value of -9 + 0 - ((-88 - -44) + 36)?
-1
Calculate (48 + 11 - 16) + 16 + -20 + -6.
33
(291 - 293) + 58 + 3 + -1 + (30 - 33)
55
What is 3 + 17 + (-2 - 5) - (-10 - -4)?
19
Evaluate 1 + (-8 + -1 - ((16 - 12) + -9)).
-3
Evaluate (16 - 51) + (-153 - -115).
-73
Evaluate (-8 - ((5 - -2) + 3)) + -5 + -2 + -3.
-28
Calculate -11 + 0 + -15 + 265 + -265.
-26
What is the value of (-2 - (-6 + 15)) + (-15 - (5 - 5 - 7))?
-19
Calculate 37 + -101 - (-29 + -51).
16
Calculate 269 + -269 - (3 + 3 - 1 - -3 - 50).
42
Evaluate -2 + -112 + 129 + 27.
42
What is -1 - 4 - (-25 - (-19 - 2 - 23))?
-24
What is the value of (0 - (1 + -18)) + (-3 - (-85 - -3))?
96
What is the value of 16 - 2 - ((91 - 64) + 1)?
-14
What is the value of -398 - -387 - (-3 + 11 - 100)?
81
66 + 3 + (10 - 4 - (-14 + 35))
54
What is (4 - (7 - (6 + -15))) + 916 + -807?
97
What is (2 - -16 - (-5 + -12 + 31)) + (-2 - 